{"id":331,"date":"2017-11-09T12:54:55","date_gmt":"2017-11-09T12:54:55","guid":{"rendered":"http:\/\/gelkakft.hu\/?post_type=product&#038;p=331"},"modified":"2026-04-28T14:32:24","modified_gmt":"2026-04-28T14:32:24","slug":"hma-150k-mikrofonallvany-beepitheto-kapcsoloval-hev-szerelvenyekhez","status":"publish","type":"product","link":"http:\/\/gelkakft.hu\/en\/product\/hma-150k-mikrofonallvany-beepitheto-kapcsoloval-hev-szerelvenyekhez\/","title":{"rendered":"HMA 150\/K  Mikrofon\u00e1llv\u00e1ny , be\u00e9p\u00edthet\u0151 kapcsol\u00f3val H\u00c9V szerelv\u00e9nyekhez"},"content":{"rendered":"<p>Mikrofon\u00e1llv\u00e1ny adatai:<\/p>\n<p>\u00c1llv\u00e1ny s\u00falya: 25 dkg<br \/>\n\u00c1lv\u00e1ny hossza : 28 cm<br \/>\n\u00c1llv\u00e1nytalp \u00e1tm\u00e9r\u0151: 8 cm \u00d8<br \/>\nK\u00e1belhossz : v\u00e1laszthat\u00f3<br \/>\nK\u00e1belcsatlakoz\u00f3 : 5 P. DIN<\/p>\n<p>Tartoz\u00e9k : Be\u00e9p\u00edthet\u0151 nyom\u00f3gomb?(a mikrofon fej k\u00fcl\u00f6n rendelhet\u0151, MD35\/N)<\/p>\n<p>*A fenti \u00e1rak az \u00c1ltal\u00e1nos Forgalmi Ad\u00f3t (\u00c1FA) nem tartalmazz\u00e1k!<\/p>\n","protected":false},"excerpt":{"rendered":"<p>Mikrofon\u00e1llv\u00e1ny adatai: \u00c1llv\u00e1ny s\u00falya: 25 dkg \u00c1lv\u00e1ny hossza : 28 cm \u00c1llv\u00e1nytalp \u00e1tm\u00e9r\u0151: 8 cm \u00d8 K\u00e1belhossz : v\u00e1laszthat\u00f3 K\u00e1belcsatlakoz\u00f3 : 5 P. DIN Tartoz\u00e9k : Be\u00e9p\u00edthet\u0151 nyom\u00f3gomb?(a mikrofon fej k\u00fcl\u00f6n rendelhet\u0151, MD35\/N) *A fenti<a class=\"moretag\" href=\"http:\/\/gelkakft.hu\/en\/product\/hma-150k-mikrofonallvany-beepitheto-kapcsoloval-hev-szerelvenyekhez\/\"> <trp-gettext data-trpgettextoriginal='23'>Read more&hellip;<\/trp-gettext><\/a><\/p>\n","protected":false},"featured_media":421,"comment_status":"open","ping_status":"closed","template":"","meta":[],"_links":{"self":[{"href":"http:\/\/gelkakft.hu\/en\/wp-json\/wp\/v2\/product\/331"}],"collection":[{"href":"http:\/\/gelkakft.hu\/en\/wp-json\/wp\/v2\/product"}],"about":[{"href":"http:\/\/gelkakft.hu\/en\/wp-json\/wp\/v2\/types\/product"}],"replies":[{"embeddable":true,"href":"http:\/\/gelkakft.hu\/en\/wp-json\/wp\/v2\/comments?post=331"}],"wp:featuredmedia":[{"embeddable":true,"href":"http:\/\/gelkakft.hu\/en\/wp-json\/wp\/v2\/media\/421"}],"wp:attachment":[{"href":"http:\/\/gelkakft.hu\/en\/wp-json\/wp\/v2\/media?parent=331"}],"curies":[{"name":"wp","href":"https:\/\/api.w.org\/{rel}","templated":true}]}}

HMA 150/K  Mikrofonállvány , beépíthető kapcsolóval HÉV szerelvényekhez

<p>Mikrofonállvány adatai:</p>
<p>Állvány súlya: 25 dkg<br />
Álvány hossza : 28 cm<br />
Állványtalp átmérő: 8 cm Ø<br />
Kábelhossz : választható<br />
Kábelcsatlakozó : 5 P. DIN</p>
<p>Tartozék : Beépíthető nyomógomb?(a mikrofon fej külön rendelhető, MD35/N)</p>
<p>*A fenti árak az Általános Forgalmi Adót (ÁFA) nem tartalmazzák!</p>

<p>Mikrofonállvány adatai: Állvány súlya: 25 dkg Álvány hossza : 28 cm Állványtalp átmérő: 8 cm Ø Kábelhossz : választható Kábelcsatlakozó : 5 P. DIN Tartozék : Beépíthető nyomógomb?(a mikrofon fej külön rendelhető, MD35/N) *A fenti<a class="moretag" href="http://gelkakft.hu/en/product/hma-150k-mikrofonallvany-beepitheto-kapcsoloval-hev-szerelvenyekhez/"> <trp-gettext data-trpgettextoriginal='23'>Read more&hellip;</trp-gettext></a></p>
